54 - -454. Let z(a) = a**3 + 2*a + 6. Give z(j).
6
Suppose -2*q + 5 = -1. Suppose i + q*i = 28. Let t(c) = i*c - 2 - 2 - 5*c. Determine t(5).
6
Let r(t) be the second derivative of 0 + 0*t**3 - t - 1/2*t**2 + 1/4*t**4. Suppose 0 = 2*x - 8, 2*j - x + 2*x = 2. Give r(j).
2
Let n(m) = m**2 - 2*m + 3. Suppose 5*w + 3*o = o + 6, 3*w = -3*o. Determine n(w).
3
Let b(i) be the first derivative of -i**6/360 - 11*i**5/120 - 3*i**4/8 + 11*i**3/3 + 7. Let n(k) be the third derivative of b(k). What is n(-6)?
21
Suppose 5*y - 19 - 1 = -4*b, 15 = -y + 3*b. Let s(x) = x**3 - x**2 - x + 14. Give s(y).
14
Let d(x) = 2 - x**2 - 5 - 15*x + 14*x. Let r(b) = b**2 + b + 3. Let u(h) = 3*d(h) + 2*r(h). Determine u(0).
-3
Let r(k) be the third derivative of -5*k**2 + 0*k**3 - 1/240*k**6 + 0 + 1/8*k**4 - 1/120*k**5 + 0*k. Let h(b) be the second derivative of r(b). Calculate h(-4).
11
Let o(u) be the second derivative of 5*u**3/6 + 2*u**2 - 61*u. Determine o(-2).
-6
Let u(s) = s**2 - 35*s + 30. Let r be u(34). Let j(d) = d**3 + 3*d**2 - 5*d - 5. Calculate j(r).
-1
Let k = 4 - 3. Let a = 70 + -76. Let j = a + k. Let n(c) = c**2 + 5*c - 4. Give n(j).
-4
Suppose -2*o - 18 = 4*p, 3*o = -o + 4*p. Let a(u) = 3*u**2 + u. Calculate a(o).
24
Let c(l) = -3*l - 2*l - 2*l**3 + 4*l + 3*l**3 + 12. Let q = -50 - -115. Let o = -65 + q. What is c(o)?
12
Let o(t) = 2*t**2 + 21*t - 13. Let i be o(-11). Let v(z) = -z**3 - 2*z**2 - 2*z - 1. Calculate v(i).
3
Let u(t) = -t**3 - 8*t**2 - 8*t + 1. Let h(i) = -118*i - 22. Let p be h(-7). Let l be 4/9 + p/(-108). Determine u(l).
8
Let r be 96/56 + 2/7. Suppose -3*o - 1 = -r*g, 3*g - 8 = -2*o + 13. Let j(p) = g*p - 2*p - 5*p + p - 4. Determine j(-6).
2
Let p(o) = -o**3 + o**2 + 1. Let s(f) be the third derivative of -f**6/24 + f**5/30 - f**4/8 + f**3/6 - 10*f**2. Let t(c) = 4*p(c) - s(c). Calculate t(-2).
-3
Suppose d - 2*d - 5 = 0. Let l(o) = 1. Suppose -24 = -8*z + 8. Let g(p) = 2*p + 8. Let a(r) = z*l(r) - g(r). Give a(d).
6
Let x(f) = 4*f**2 + f - 2. Let k(g) = 7*g**3 + 2*g**2 + g - 4. Let j(n) = 3*n**3 + n**2 - 2. Let m(a) = 5*j(a) - 2*k(a). Let s be m(0). What is x(s)?
12
Let v = -6 + 4. Let n(f) = -2*f**2 + 6*f + 4. Let z = 37 - 48. Let m(q) = 4*q**2 - 11*q - 7. Let y(w) = z*n(w) - 6*m(w). What is y(v)?
-10
Let p(v) = 21*v - 12. Let u be p(1). Let z(y) = -3*y + 8. Determine z(u).
-19
Let p(u) = 6*u + 17*u + u**2 + 3 - 13*u + 6. What is p(-8)?
-7
Let x(g) be the first derivative of -g**6/360 - g**5/12 + 11*g**4/24 + 6*g**3 + 22. Let c(r) be the third derivative of x(r). Calculate c(-11).
0
Let m(b) = -4*b + 11. Let a(c) = -2*c + 11. Let l(i) = -4*a(i) + 3*m(i). Calculate l(-5).
9
Let g(d) = 69*d**3 - 20*d**2 + 9*d - 13. Let y(f) = -35*f**3 + 11*f**2 - 5*f + 7. Let s(i) = 6*g(i) + 11*y(i). Give s(-1).
-28
Suppose 2*u = -3*a - 4, -4 = -2*u - 2*u. Let b(l) = 3*l + 1. Give b(a).
-5
Let w(c) = -28 - 2 + 31 + 15 + c. What is w(-15)?
1
Let z(u) = -u**2 + 1. Let j(h) = 9*h - 18*h - 2*h**3 + 3*h**3 - 3*h**2 + 16*h**2 - 9. Let v(p) = j(p) + 5*z(p). Calculate v(-9).
-4
Let u = -11 - -18. Let i(o) be the third derivative of -o**4/24 - 5*o**3/6 + 15*o**2. What is i(u)?
-12
Let p(m) = 2*m - m**2 + 6*m - m - 4 + 2*m**2 + 9. Suppose i - 4*k = -k - 9, 0 = 5*i + 5*k - 15. Suppose -l + i = 4. Give p(l).
-7
Let p = -16 + 8. Let f(v) = -v. Let c be f(p). Let o(b) = b**2 - 2 + c*b + 3 + 4 + 5. What is o(-7)?
3
Let w(s) = 0 - 1896*s - 1897*s + 1 + 3792*s. Suppose 3*o = 8 + 7. What is w(o)?
-4
Let v(k) = 3*k - 9. Suppose r + 12*r - 52 = 0. Give v(r).
3
Let z(f) be the third derivative of -f**4/12 + f**3/6 - 18*f**2. Suppose 14 = 2*b - 2*d, -3*d = 2*b + d - 8. What is z(b)?
-11
Let m(q) = -q**3 + 4*q**2 + 4*q + 2. Let b(p) = -p + 15. Suppose -6*u + 4*u = -22. Let k be b(u). Suppose -14 = -k*l + 6. Determine m(l).
-3
Suppose -1 = -2*y - 13. Suppose 2*q - 38 + 0 = -4*a, 3*q - 4*a - 7 = 0. Let c(v) = 23 - q - 12 + 5*v**2 + v**3 - 7*v. Calculate c(y).
8
Let p(t) = t**2 - 28*t - 65. Let i be p(30). Let j(h) = h + 3. Determine j(i).
-2
Let c(b) = b**2 + 7*b + 1. Let r = 216 - 221. Calculate c(r).
-9
Let n(h) = -11 + 25 + h - 12. Let y be n(4). Let i(p) be the third derivative of -p**6/120 + p**5/12 + p**4/4 + p**3/6 + 2*p**2. Give i(y).
1
Let b(w) = 14*w - 2. Let t(p) = 2*p**2 + 25*p - 16. Let s be t(-13). Calculate b(s).
-44
Let q(m) = -m - 10. Let d be q(-5). Let j be (-6 - d)*(-1 - 1). Let z(y) = -y**3 + y**2 + y. Give z(j).
-2
Let v(a) be the third derivative of a**5/60 - a**4/24 - 11*a**3/3 + 53*a**2. Give v(0).
-22
Let f(a) be the third derivative of -a**5/60 - 13*a**4/24 - 15*a**3/2 - 7*a**2 + 2. Calculate f(-7).
-3
Let q(z) = 1 + 5 - z + 8 + 1. Let l be q(9). Let m(h) = 3*h**3 - 7*h**2 - 3*h. Let a(t) = 10*t**3 - 22*t**2 - 8*t. Let s(g) = -2*a(g) + 7*m(g). Give s(l).
6
Let p be 104/78*(-135)/(-20). Let x(g) be the first derivative of 9/2*g**2 - g - p. Calculate x(-1).
-10
Let f(i) = -i**2 - 2*i. Suppose 2*h = -h + 4*h. Determine f(h).
0
Let u(j) = -j**3 + 8*j + 28 - 50 - 4*j**2 + 35. Let a be u(-5). Let k(s) = -6*s**2 - s - 2. Let p(f) = 13*f**2 + f + 4. Let g(x) = -7*k(x) - 3*p(x). Give g(a).
6
Let a = 27 + -27. Suppose -2*y - 6*y - 56 = a. Let n(h) = -2*h - 10. What is n(y)?
4
Let y(v) be the third derivative of -1/40*v**6 + 0*v**4 + 7*v**2 + 0*v + 1/60*v**5 + 0*v**3 + 0. Determine y(1).
-2
Let h(k) = -k + 5. Let y = 59 - 34. Suppose 2*s + 5*q + y = 0, 0 = -5*s - 2*q - 0*q - 31. Calculate h(s).
10
Let j(s) be the third derivative of 1/60*s**5 + 2*s**2 + 1/3*s**4 + 7/6*s**3 + 0 + 0*s. What is j(-5)?
-8
Let j(l) be the third derivative of l**6/120 + 2*l**5/15 - 11*l**4/24 - 8*l**3/3 - 11*l**2. Let k be j(-9). Let a(s) = s**2 + 2*s + 1. Give a(k).
9
Let z(u) be the third derivative of -u**4/6 + u**3/3 - 22*u**2. Suppose 4*x = 10 - 6. Let n be x/(-2 - 7/(-3)). Calculate z(n).
-10
Suppose 20 = 4*q + 5*l, 8 = -3*q - l + 3*l. Let v(p) = -p + 9. What is v(q)?
9
Let z(d) be the second derivative of d**4/12 + 2*d**3/3 - 3*d**2 + 11*d - 187. Suppose -2*w + 3*w + 7 = 0. What is z(w)?
15
Let y(c) = -c**3 - 21*c**2 + 41*c - 109. Let d be y(-23). Let z(u) = -u**2 + 1 + 7*u + 4 - 2. Determine z(d).
9
Let c(z) = z**2 + z + 8. Let x be 80/(-6)*(-21)/14. Let l = x + -20. Calculate c(l).
8
Let o(g) be the first derivative of g**6/360 + g**5/30 + 14*g**3/3 - 8. Let m(d) be the third derivative of o(d). Determine m(-3).
-3
Let p(z) = z**2 + z - 4. Let a be p(4). Let j = -13 + a. Let r(k) = -3 + 4 + 3*k + j*k - 3*k. Give r(1).
4
Let j(a) be the third derivative of -a**5/60 - a**4/2 + 3*a**3/2 - 252*a**2. Give j(-11).
20
Let z(t) = 7*t**2 + t. Let j(n) = -n**3 - 17*n**2 - n - 1. Let c(w) = -2*j(w) - 5*z(w). Calculate c(-3).
-52
Let u(x) = -x**2 - 3*x + 5. Suppose 4*q = 2*q + 4. Let p be ((-4)/3)/(q/(-3)). Suppose 5*t = -5*f - 45, 0 = -f - f + p*t + 2. Calculate u(f).
1
Let o(m) = -m**2 - m + 22. Let h be o(5). Let i(p) = p**3 + 8*p**2 + 2*p + 5. Calculate i(h).
-11
Suppose 4*f - p - 2*p = -4, 3*f = -4*p + 22. Let i(w) be the second derivative of -1/2*w**2 + f*w + 1/6*w**3 + 0. What is i(5)?
4
Suppose y - 4*g - g = 12, -5*y - 3*g + 32 = 0. Let c(s) = -s - 4 - 2 - s**2 - s + y. Let k be (-1 - -1) + 2*-1. What is c(k)?
1
Let m(p) = -5*p. Let u(f) = -3*f + 2. Let g(d) = -5*d + 5. Let v(o) = -2*g(o) + 5*u(o). Let c(r) = 5*m(r) - 6*v(r). Determine c(1).
5
Let y(q) be the first derivative of -q**3/3 + 9*q**2/2 - 13*q - 100. Determine y(8).
-5
Let m(h) = 41 + 34 + 11*h - 67 + 0*h. Give m(-2).
-14
Let o = 791 - 782. Let l(h) = -2*h + 21. Calculate l(o).
3
Let y = 12 - -28. Let h = y - 33. Let d(s) = -2*s + 1. Calculate d(h).
-13
Let p(s) = -3*s**2 + 10*s - 4 - 3*s**2 - s**3 - 4*s**2. Let f = -2382 - -2371. Determine p(f).
7
Let i(a) = -a**2 - 7*a + 10. Let g be (-102)/7 + 7 + (-3)/7. Determine i(g).
2
Let h(r) = -9*r**3 - 12*r**2 - 5*r - 27. Let i(w) = 13*w**3 + 18*w**2 + 8*w + 39. Let t(o) = -7*h(o) - 5*i(o). Determine t(-4).
46
Let j = 1056 - 1052. Let o(k) = -k. Let u(v) = -v**2 + 2*v - 6. Let y(z) = -4*o(z) + u(z). Calculate y(j).
2
Let l(h) = h**2 + h - 3. Let z be (-380)/57 - (-2)/3. Give l(z).
27
Suppose 15*j + 37 = -53. Let g(d) = -d - 4. What is g(j)?
2
Let o(k) = k + 4. Let s be o(-21). Let c = -17 - s. Let z(v) = -v**2 + 7. Calculate z(c).
7
Let r(l) = -6*l**2 - 3*l + 2. Let i =